{"version":"1.0","provider_name":"IKS Fenster","provider_url":"https:\/\/www.iks-fenster.hr\/de\/","author_name":"zarko.zdorc@gmail.com","author_url":"https:\/\/www.iks-fenster.hr\/de\/author\/zarko-zdorcgmail-com\/","title":"IKS FENSTER \u00dcBER DAS AMBIENTE 2024. - IKS Fenster","type":"rich","width":600,"height":338,"html":"<blockquote class=\"wp-embedded-content\" data-secret=\"rSDBHAKQAR\"><a href=\"https:\/\/www.iks-fenster.hr\/de\/iks-fenster-ueber-das-ambiente-2024\/\">IKS FENSTER \u00dcBER DAS AMBIENTE 2024.<\/a><\/blockquote><iframe sandbox=\"allow-scripts\" security=\"restricted\" src=\"https:\/\/www.iks-fenster.hr\/de\/iks-fenster-ueber-das-ambiente-2024\/embed\/#?secret=rSDBHAKQAR\" width=\"600\" height=\"338\" title=\"&#8222;IKS FENSTER \u00dcBER DAS AMBIENTE 2024.&#8220; &#8211; IKS Fenster\" data-secret=\"rSDBHAKQAR\" frameborder=\"0\" marginwidth=\"0\" marginheight=\"0\" scrolling=\"no\" class=\"wp-embedded-content\"><\/iframe><script type=\"text\/javascript\">\n\/* <![CDATA[ *\/\n\/*! This file is auto-generated *\/\n!function(d,l){\"use strict\";l.querySelector&&d.addEventListener&&\"undefined\"!=typeof URL&&(d.wp=d.wp||{},d.wp.receiveEmbedMessage||(d.wp.receiveEmbedMessage=function(e){var t=e.data;if((t||t.secret||t.message||t.value)&&!\/[^a-zA-Z0-9]\/.test(t.secret)){for(var s,r,n,a=l.querySelectorAll('iframe[data-secret=\"'+t.secret+'\"]'),o=l.querySelectorAll('blockquote[data-secret=\"'+t.secret+'\"]'),c=new RegExp(\"^https?:$\",\"i\"),i=0;i<o.length;i++)o[i].style.display=\"none\";for(i=0;i<a.length;i++)s=a[i],e.source===s.contentWindow&&(s.removeAttribute(\"style\"),\"height\"===t.message?(1e3<(r=parseInt(t.value,10))?r=1e3:~~r<200&&(r=200),s.height=r):\"link\"===t.message&&(r=new URL(s.getAttribute(\"src\")),n=new URL(t.value),c.test(n.protocol))&&n.host===r.host&&l.activeElement===s&&(d.top.location.href=t.value))}},d.addEventListener(\"message\",d.wp.receiveEmbedMessage,!1),l.addEventListener(\"DOMContentLoaded\",function(){for(var e,t,s=l.querySelectorAll(\"iframe.wp-embedded-content\"),r=0;r<s.length;r++)(t=(e=s[r]).getAttribute(\"data-secret\"))||(t=Math.random().toString(36).substring(2,12),e.src+=\"#?secret=\"+t,e.setAttribute(\"data-secret\",t)),e.contentWindow.postMessage({message:\"ready\",secret:t},\"*\")},!1)))}(window,document);\n\/\/# sourceURL=https:\/\/www.iks-fenster.hr\/wp-includes\/js\/wp-embed.min.js\n\/* ]]> *\/\n<\/script>\n","thumbnail_url":"https:\/\/www.iks-fenster.hr\/wp-content\/uploads\/2023\/07\/ambienta_2024_1000x600.jpg","thumbnail_width":1000,"thumbnail_height":600,"description":"IKS FENSTER \u00dcBER DAS AMBIENTE 2024. Ambienta, die 51. internationale Messe f\u00fcr M\u00f6bel, Innendekoration und verwandte Branchen Besuchen Sie uns diesen Herbst vom 17. bis 20. Oktober auf der Zagreber Messe bei der 51. Ausgabe der Ambienta-Messe, die sich dem M\u00f6bel- und Innendesign widmet. In diesem Herbst wird uns die Ambienta mit einer Vielzahl innovativer [&hellip;]"}

IKS FENSTER ÜBER DAS AMBIENTE 2024. - IKS Fenster

<blockquote class="wp-embedded-content" data-secret="rSDBHAKQAR"><a href="https://www.iks-fenster.hr/de/iks-fenster-ueber-das-ambiente-2024/">IKS FENSTER ÜBER DAS AMBIENTE 2024.</a></blockquote><iframe sandbox="allow-scripts" security="restricted" src="https://www.iks-fenster.hr/de/iks-fenster-ueber-das-ambiente-2024/embed/#?secret=rSDBHAKQAR" width="600" height="338" title="&#8222;IKS FENSTER ÜBER DAS AMBIENTE 2024.&#8220; &#8211; IKS Fenster" data-secret="rSDBHAKQAR" frameborder="0" marginwidth="0" marginheight="0" scrolling="no" class="wp-embedded-content"></iframe><script type="text/javascript">
/* <![CDATA[ */
/*! This file is auto-generated */
!function(d,l){"use strict";l.querySelector&&d.addEventListener&&"undefined"!=typeof URL&&(d.wp=d.wp||{},d.wp.receiveEmbedMessage||(d.wp.receiveEmbedMessage=function(e){var t=e.data;if((t||t.secret||t.message||t.value)&&!/[^a-zA-Z0-9]/.test(t.secret)){for(var s,r,n,a=l.querySelectorAll('iframe[data-secret="'+t.secret+'"]'),o=l.querySelectorAll('blockquote[data-secret="'+t.secret+'"]'),c=new RegExp("^https?:$","i"),i=0;i<o.length;i++)o[i].style.display="none";for(i=0;i<a.length;i++)s=a[i],e.source===s.contentWindow&&(s.removeAttribute("style"),"height"===t.message?(1e3<(r=parseInt(t.value,10))?r=1e3:~~r<200&&(r=200),s.height=r):"link"===t.message&&(r=new URL(s.getAttribute("src")),n=new URL(t.value),c.test(n.protocol))&&n.host===r.host&&l.activeElement===s&&(d.top.location.href=t.value))}},d.addEventListener("message",d.wp.receiveEmbedMessage,!1),l.addEventListener("DOMContentLoaded",function(){for(var e,t,s=l.querySelectorAll("iframe.wp-embedded-content"),r=0;r<s.length;r++)(t=(e=s[r]).getAttribute("data-secret"))||(t=Math.random().toString(36).substring(2,12),e.src+="#?secret="+t,e.setAttribute("data-secret",t)),e.contentWindow.postMessage({message:"ready",secret:t},"*")},!1)))}(window,document);
//# sourceURL=https://www.iks-fenster.hr/wp-includes/js/wp-embed.min.js
/* ]]> */
</script>

IKS FENSTER ÜBER DAS AMBIENTE 2024. Ambienta, die 51. internationale Messe für Möbel, Innendekoration und verwandte Branchen Besuchen Sie uns diesen Herbst vom 17. bis 20. Oktober auf der Zagreber Messe bei der 51. Ausgabe der Ambienta-Messe, die sich dem Möbel- und Innendesign widmet. In diesem Herbst wird uns die Ambienta mit einer Vielzahl innovativer [&hellip;]
